{"id":46,"date":"2014-03-13T00:17:27","date_gmt":"2014-03-12T23:17:27","guid":{"rendered":"http:\/\/www.amicale-etaples.fr\/?page_id=46"},"modified":"2014-03-13T12:15:04","modified_gmt":"2014-03-13T11:15:04","slug":"le-reglement","status":"publish","type":"page","link":"https:\/\/www.amicale-etaples.fr\/?page_id=46","title":{"rendered":"Le r\u00e9glement"},"content":{"rendered":"<p><strong><a href=\"http:\/\/www.amicale-etaples.fr\/wp-content\/uploads\/2014\/03\/file_text.png\"><img loading=\"lazy\" decoding=\"async\" class=\"size-full wp-image-139 alignleft\" alt=\"file_text\" src=\"http:\/\/www.amicale-etaples.fr\/wp-content\/uploads\/2014\/03\/file_text.png\" width=\"128\" height=\"128\" srcset=\"https:\/\/www.amicale-etaples.fr\/wp-content\/uploads\/2014\/03\/file_text.png 128w, https:\/\/www.amicale-etaples.fr\/wp-content\/uploads\/2014\/03\/file_text-48x48.png 48w\" sizes=\"auto, (max-width: 128px) 100vw, 128px\" \/><\/a>Ce r\u00e8glement int\u00e9rieur a pour objectif de pr\u00e9ciser les statuts de l&rsquo;association \u00ab\u00a0Amicale de la ville d&rsquo;Etaples sur mer\u00a0\u00bb, dont l&rsquo;objet est de resserrer les liens d&rsquo;amiti\u00e9 et de camaraderie entre les membres du personnel, d&rsquo;organiser des \u00e9v\u00e9nements ou manifestations au profit de ses adh\u00e9rents et de leurs familles et d&rsquo;effectuer des activit\u00e9s de vente de biens ou de prestations de services effectu\u00e9es de mani\u00e8re habituelle \u00e0 titre on\u00e9reux<\/strong><\/p>\n<p>Il sera remis \u00e0 l&rsquo;ensemble des membres ainsi qu&rsquo;\u00e0 chaque nouvel adh\u00e9rent.<\/p>\n<h3>\u00a0<span style=\"color: #000080;\"><b>Titre I\u00a0: Membres<\/b><\/span><\/h3>\n<h4><b>Article 1er &#8211; Composition<\/b><\/h4>\n<p>L&rsquo;association\u00a0\u00ab\u00a0Amicale de la ville d&rsquo;Etaples sur mer\u00a0\u00bb est compos\u00e9e des membres suivants :<\/p>\n<p>Membres d&rsquo;honneur ;<br \/>\nMembres bienfaiteurs ;<br \/>\nMembres actifs ;<br \/>\nMembres adh\u00e9rents\u00a0;<\/p>\n<p>Les membres adh\u00e9rents sont obligatoirement des membres du personnel de la ville d&rsquo;Etaples ou de l&rsquo;un des organismes rattach\u00e9s \u00e0 la commune : CCAS, Office municipal de Tourisme, SIVU \u00ab\u00a0Opal&rsquo;Origine\u00a0\u00bb.<\/p>\n<p>L&rsquo;association est tenue d&rsquo;accepter toutes les candidatures d&rsquo;adh\u00e9sion sans distinction du type de contrat attribu\u00e9 \u00e0 l&rsquo;agent ou toutes autres caract\u00e9ristiques pouvant faire l&rsquo;objet d&rsquo;une quelconque discrimination.<\/p>\n<p>La seule condition est li\u00e9e \u00e0 l\u2019anciennet\u00e9 minimum de 6 mois en tant qu\u2019agent\u00a0employ\u00e9 par la commune, le CCAS ou le SIVU.<\/p>\n<h4><b>Article 2 &#8211; Cotisation<\/b><\/h4>\n<p>Les membres d&rsquo;honneur ne paient pas de cotisation (sauf s&rsquo;ils en d\u00e9cident autrement : de leur propre volont\u00e9).<\/p>\n<p>Les membres adh\u00e9rents doivent s&rsquo;acquitter d&rsquo;une cotisation annuelle.<\/p>\n<p>Le montant de celle-ci est vot\u00e9 puis fix\u00e9 chaque ann\u00e9e par<i> <\/i>le conseil d&rsquo;administration.<\/p>\n<p>Chaque ann\u00e9e, apr\u00e8s la d\u00e9lib\u00e9ration du conseil d&rsquo;administration et l&rsquo;appel \u00e0 cotisation transmis aupr\u00e8s des adh\u00e9rents, chacun doit s\u2019acquitter du montant de la cotisation dans un d\u00e9lai maximum d&rsquo;un mois. Par contre les nouveaux employ\u00e9s qui souhaitent adh\u00e9rer en cours d&rsquo;ann\u00e9e pourront le faire au moment voulu durant la premi\u00e8re ann\u00e9e mais devront s&rsquo;acquitter du m\u00eame montant fix\u00e9 par le conseil d&rsquo;administration .<\/p>\n<p>L&rsquo;adh\u00e9rent s&rsquo;engage \u00e0 \u00e9tablir le versement par ch\u00e8que \u00e0 l&rsquo;ordre de l&rsquo;association ou en esp\u00e8ces aupr\u00e8s du tr\u00e9sorier de l&rsquo;association. [..]<\/p>\n<p><strong><a href=\"http:\/\/www.amicale-etaples.fr\/wp-content\/uploads\/2014\/03\/reglement_interieur.pdf\">&gt;&gt; Consulter l&rsquo;ensemble du r\u00e8glement int\u00e9rieur<\/a>\u00a0(Format PDF)<\/strong><\/p>\n","protected":false},"excerpt":{"rendered":"<p>Ce r\u00e8glement int\u00e9rieur a pour objectif de pr\u00e9ciser les statuts de l&rsquo;association \u00ab\u00a0Amicale de la ville d&rsquo;Etaples sur mer\u00a0\u00bb, dont l&rsquo;objet est de resserrer les liens d&rsquo;amiti\u00e9 et de camaraderie entre les membres du personnel, d&rsquo;organiser des \u00e9v\u00e9nements ou manifestations au profit de ses adh\u00e9rents et de leurs familles et d&rsquo;effectuer des activit\u00e9s de vente [&hellip;]<\/p>\n","protected":false},"author":3,"featured_media":0,"parent":0,"menu_order":0,"comment_status":"closed","ping_status":"closed","template":"","meta":{"footnotes":""},"class_list":["post-46","page","type-page","status-publish","hentry"],"_links":{"self":[{"href":"https:\/\/www.amicale-etaples.fr\/index.php?rest_route=\/wp\/v2\/pages\/46","targetHints":{"allow":["GET"]}}],"collection":[{"href":"https:\/\/www.amicale-etaples.fr\/index.php?rest_route=\/wp\/v2\/pages"}],"about":[{"href":"https:\/\/www.amicale-etaples.fr\/index.php?rest_route=\/wp\/v2\/types\/page"}],"author":[{"embeddable":true,"href":"https:\/\/www.amicale-etaples.fr\/index.php?rest_route=\/wp\/v2\/users\/3"}],"replies":[{"embeddable":true,"href":"https:\/\/www.amicale-etaples.fr\/index.php?rest_route=%2Fwp%2Fv2%2Fcomments&post=46"}],"version-history":[{"count":5,"href":"https:\/\/www.amicale-etaples.fr\/index.php?rest_route=\/wp\/v2\/pages\/46\/revisions"}],"predecessor-version":[{"id":232,"href":"https:\/\/www.amicale-etaples.fr\/index.php?rest_route=\/wp\/v2\/pages\/46\/revisions\/232"}],"wp:attachment":[{"href":"https:\/\/www.amicale-etaples.fr\/index.php?rest_route=%2Fwp%2Fv2%2Fmedia&parent=46"}],"curies":[{"name":"wp","href":"https:\/\/api.w.org\/{rel}","templated":true}]}}